-3960. Is z composite?
False
Let g(b) = 123*b**3 - 25*b**2 + 132*b + 39. Is g(7) composite?
False
Suppose 0 = 22*y - 125*y + 6283103. Is y a prime number?
True
Suppose 13*b + 5 = 12*b + m, -m = -4*b - 17. Is 2/4 - 4770/b composite?
False
Suppose -8*o = -5*a - 6*o + 42509, 0 = 3*o + 6. Suppose -t - 3*j + a = 0, -17*t + j - 8501 = -18*t. Is t a composite number?
False
Let q be -3*(-4 + -201 + 4). Let w = -145 + q. Let l = w - 151. Is l composite?
False
Let j be ((-40)/14)/(-5) - 4679/(-7). Let y(c) = -44*c + 4. Let a be y(-11). Suppose a = z - j. Is z a prime number?
False
Is (-90)/20*(-1127798)/21*2/6 prime?
True
Let h be 4/(-20) - 1/((-10)/432). Suppose -h*o + 40*o = -1023. Is o composite?
True
Suppose -5*f + 14639 = 14*y - 15*y, 8789 = 3*f - 2*y. Is f a prime number?
True
Let w = -11 - -26. Let q(u) = 189*u**2 + w*u + 22 - 11*u - 8 + 4*u. Is q(-3) composite?
True
Let n be 13*(-2)/(-10) - (-10)/25. Suppose 11 = -z - n*c, 5*z - 2*z - 27 = 3*c. Is (1664 - 4)/z - -4 composite?
False
Let y(p) = -p**3 + 37*p**2 + 35*p - 83. Suppose d = -0*d + 2*c + 40, -5*d = -4*c - 188. Is y(d) composite?
False
Suppose -145*f = -2*x - 140*f + 262077, 2*x = -2*f + 262084. Is x a prime number?
True
Let f(t) = 21181*t**2 - 49*t + 3. Is f(2) a composite number?
False
Is ((-4)/(-2))/(9607136/1601182 - 6) composite?
True
Is 2/(-5)*(-32715)/1 + 7 prime?
True
Suppose -54*s - 91*s = 177873 - 787018. Is s composite?
False
Let q(z) = z + 6. Let w be q(-3). Suppose -3*r + 214 = -w*o + r, 186 = -3*o - 3*r. Let x = 17 - o. Is x prime?
True
Suppose 5*x = m - 3019383, 19*m - 18*m = -2*x + 3019369. Is m composite?
True
Let k(z) = -z**3 + 5*z**2 - 2*z - 4. Let y be k(4). Let u(v) = 56*v - 4302. Let r be u(127). Suppose 594 = -y*l + r. Is l prime?
False
Suppose b + 2*i = 10, -3*b + 14 = 3*i - 5*i. Suppose 0 = 4*q + 5*n - 15049, 0 = -7*n + b*n + 1. Is q prime?
True
Suppose 2*l - 597199 - 671547 = -5*c, -2*l + 1268746 = -4*c. Is l a composite number?
False
Is 289436 + 2 + 28/((-364)/(-117)) a prime number?
False
Let p = -222463 - -474464. Is p composite?
False
Suppose -2929298 = 118*w - 7849662. Is w composite?
True
Let v = -13276 + 23199. Is v a composite number?
False
Let q = 1703899 - 581720. Is q composite?
False
Is (-153)/(-408)*4006616/18 - 2/12 composite?
False
Let o = 15949 + -6883. Suppose -27*c = -21*c - o. Is c a composite number?
False
Is (-5*(-4)/(-10))/((-4)/599714*1) a prime number?
True
Let i(h) = 413*h**2 + 2*h. Let c be i(-1). Let x = 728 - c. Is x composite?
False
Suppose -3*v - 96775 = -4*a, -4*a + v - 39561 + 136326 = 0. Suppose 14*r + a = 24*r. Is r a prime number?
False
Suppose 5*a = 2*q - 9394 + 1842, -2*a = 2*q - 7510. Is q prime?
True
Is ((51231/2)/(-3))/((-47)/94) a prime number?
True
Let x(t) = -522*t**3. Let o be x(-1). Suppose -194 = 2*q + o. Is q*((-3)/2)/3 a prime number?
True
Let j(t) = -70*t - 2378. Let v be j(-34). Suppose 3127 = 3*n - 1106. Suppose -n = -2*m - 3*f, 2*m = 2*f + v*f + 1390. Is m composite?
False
Let f be (2 + -20026)*(-1)/2. Suppose -569 = -3*d + f. Is d composite?
False
Let f = 459 - 929. Let p be (-4310)/(-3) + (-5)/(-15). Let z = f + p. Is z prime?
True
Let k = -27 + 21. Let t(r) = -102*r + 19. Is t(k) a composite number?
False
Suppose 0 = -69*d + 54*d - 1875. Let q = 1026 + d. Is q a composite number?
True
Let y be 5/30 - (-38)/(-12). Let q(o) be the third derivative of 47*o**5/60 - o**4/12 - 5*o**3/3 - 9*o**2. Is q(y) prime?
True
Let v(f) = 231*f + 1612. Let z be v(-7). Suppose 0 = 4*g - 3*g + 1. Is (g*(2 + -5) + -40)*z a prime number?
False
Suppose 3*d + 3939 = 65406. Is d a prime number?
False
Let j = -31 + 33. Let r(b) = 0*b + 4*b + 46*b**j - 18*b**2 + 5 + 3*b. Is r(6) a prime number?
False
Is 33219900/99 + 3 - 12/22 a composite number?
False
Suppose 4*a - 580602 = -2*v, -8*a = -2*v - 11*a + 580610. Is v prime?
True
Let b be (-2)/(-6) - 13/3. Let c(m) = -323*m + 1296. Let s be c(4). Is (-7 + (-20)/b)*(-2174)/s a prime number?
True
Suppose -50*p + 60699 = -238764 + 25013. Is p prime?
False
Let u be ((-4)/(-12))/(6/90). Suppose -5*s + 4*l - 1270 = -4764, -5*s = u*l - 3530. Let t = s - 433. Is t a prime number?
True
Let q(c) = -c**3 + 29*c**2 + 12*c - 137. Let s be q(21). Let f = 16800 - s. Is f prime?
False
Let m(g) = -g**3 + 47*g**2 - 37*g + 74. Is m(19) composite?
False
Let k = -310353 - -605612. Is k a composite number?
False
Is 0/(-103) + 413404/2 + -3 composite?
False
Suppose -20*b - 3188 = 13652. Let s be 28732/(-24) - (-3)/18. Let k = b - s. Is k a composite number?
True
Let y(o) = 79*o**3 - 2*o + 2. Let j(v) = -v**2 - 4*v + 1. Let m(w) = w**3 - 7*w**2 - w + 7. Let h be m(7). Let f be j(h). Is y(f) a composite number?
False
Let m be (60/(-9))/((-2)/(-8184)). Is 3*(m/(-12) + 3 - -2) composite?
True
Suppose 5*u - 2871737 = -2*f + 205108, 5*f - 3076830 = -5*u. Is u composite?
True
Let j(q) = -106*q**3 - 11*q**2 - 32*q - 65. Is j(-8) composite?
False
Let o = 123243 - -125938. Is o composite?
False
Suppose 4*q + 4 = 12, 3*b - q = 25. Is (0 + 2127)*3/b a prime number?
True
Let p be (-4)/(-3)*18/4. Suppose 5*f = -4*i + 50, 0 = -3*i + 4*f - 3*f + 28. Suppose -p*k - 2036 = -i*k. Is k a prime number?
True
Let k be 1002/20 - 4*(-8)/(-320). Let m be 85 + 1 + -1*2. Let y = k + m. Is y prime?
False
Suppose -9949567 = -40*p - 42*p + 15*p. Is p a prime number?
True
Suppose -4*w - 3653 = -t, 0 = -t + 5*w + 2289 + 1364. Let h = -2861 + 269. Let g = t + h. Is g prime?
True
Let x be 25/((-10)/(-2)) + -3. Suppose x*f = o + 2*o + 2757, o + 4*f + 919 = 0. Is (3 + (3 - 7))*o composite?
False
Let i(v) = -v**3 - 5*v**2 - 21*v - 37. Let f be i(-5). Is (6145/2)/(f/136) a composite number?
True
Suppose -2*w + 10868 = g, -34*g + 37*g - 5449 = -w. Is w a composite number?
False
Let d(c) = 378002*c**2 + 40*c + 9. Is d(-1) a composite number?
True
Suppose 19*c = 22*c - 51. Suppose -14 + c = y. Suppose -3*x = -g + 4*g - 19062, 5*x + y*g = 31760. Is x composite?
True
Let a be ((-6)/(-4))/(-3*1/(-2)). Let z be ((-4)/(-5))/((-2)/(-10)). Is a*(z + -2)*502/4 a prime number?
True
Let y = -91 + 24434. Is y composite?
True
Let r(l) = -995*l + 963. Is r(-8) a prime number?
True
Suppose 470 = 11*a - 894. Suppose 128*m = a*m + 10012. Is m a prime number?
True
Suppose -4*i + 100 = 3*u, -5*u - 3*i + 190 = -i. Let s be (u/12)/((-4)/(-6)). Suppose -4*c + 3*l + 188 = 0, 6*l = -s*c + 2*l + 235. Is c composite?
False
Suppose -3*j - h + 360359 = 0, -32*j + 30*j - 2*h = -240234. Is j a prime number?
True
Suppose 6*h + 119 = 251. Suppose h*g - 27*g = -32015. Is g composite?
True
Let z be -29537 - (-1)/2*16/(-8). Let x = z + 20870. Is (-6)/(-15) + (x/(-5) - -1) prime?
False
Suppose 6*i - 3*l - 186615 = 3*i, 373262 = 6*i + 2*l. Is i composite?
True
Let q(c) = 123*c - 13. Let x(h) = -122*h + 13. Let z(r) = -3*q(r) - 4*x(r). Is z(6) composite?
False
Suppose 11*l - 10*l = 5*q - 62940, -5*q + 62910 = 5*l. Is q prime?
False
Let k = 218252 - -192119. Is k a composite number?
True
Suppose -5*l = -5*x + 1025, x - 5*l + 802 = 5*x. Suppose -201*s - 11026 = -x*s. Is s composite?
True
Is (11 - (-502248)/8) + -1 a prime number?
True
Let v(w) = 16*w**3 + 4*w**2 - 9. Let y be v(6). Let f = y - 1753. Suppose -3*x - f + 5291 = 0. Is x a composite number?
False
Suppose -5*z + 222*k + 160895 = 217*k, -z = 3*k - 32195. Is z a composite number?
False
Let h(m) = -10*m - 12*m + 22*m**2 + 22*m + 18. Let p be h(-8). Suppose -7*b = p - 8132. Is b a composite number?
True
Suppose 4*g + 4*h + 23282 = 3*h, -g = -2*h + 5816. Let b = -3803 - g. Is b a prime number?
True
Suppose -17*p - 6644 = -22063. Is p a composite number?
False
Let u(f) = -9346*f**2 + 8*f - 7. Let j(g) = g**2 + g - 2. Let a(h) = 4*j(h) - u(h). Is a(-1) composite?
True
Suppose 30*t + 1751185 = 35*t. Is t a composite number?
False
Suppose g + s - 12528 = 0, 5*g - 6*s + 7*s = 62636. Suppose g - 1600 = 7*i. Is i a prime number?
False
Let n = 130 + 60. Is 126*n/4 + (1 - 5) a prime number?
True
Is ((-141)/(-47))/((1/183346)/(18/108)) prime?
True
Suppose 11660*n - 11650*n - 1645690 = 0. Is n composite?
False
Suppose -2*a + 10688 = 4*n - 3194, -3*n - 9 = 0. Is a a prime number?
True
Suppose 0 = -10*f + 379360 + 848970. Is f a composite number?
False
Is ((-2798)/2*(-8 - -7))/((-51)/(-21369)) prime?
False
Suppose g + 3*g + 1158 = 5*i, -246 = -